{"id":62,"date":"2022-09-14T14:36:48","date_gmt":"2022-09-14T14:36:48","guid":{"rendered":"https:\/\/zora-aurora.com\/?page_id=62"},"modified":"2023-06-26T14:14:37","modified_gmt":"2023-06-26T14:14:37","slug":"najem-prostorov","status":"publish","type":"page","link":"https:\/\/zora-aurora.com\/?page_id=62","title":{"rendered":"Najem prostorov"},"content":{"rendered":"\n<p>Nudimo mo\u017enost najema marofa z gozdno okolico, kar zajema skupinsko spalnico, predavalnico, zunanjo kuhinjo z jedilnico, kuri\u0161\u010de, parkiri\u0161\u010de ter gozdi\u010dek, kjer je mo\u017eno tudi \u0161otoriti. <\/p>\n\n\n\n<p>Skupinska spalnica ima le\u017ei\u0161\u010de na senu za 4 do 5 ljudi ter jogije za do 10 ljudi. Mo\u017enost je tudi spanja v predavalnici na lastnih podlogah ali napihljivih posteljah. Priporo\u010dena je uporaba lastne spalne vre\u010de ali odeje, ker prostori niso ogrevani. Na voljo so rjuhe, vzglavniki ter tanj\u0161e odeje (izposoja 10 eur).<\/p>\n\n\n\n<p>Kuhinja je opremljena z umivalnikom, hladilnikom, zmrzovalnikom, \u0161tedilnikom, grelnikom vode ter posodo. Kapaciteta jedilnice je do 30 ljudi.<\/p>\n\n\n\n<p>V predavalnici je na voljo platno, zvo\u010dnik z mikrofoni ter stoli za 30 ljudi.<\/p>\n\n\n\n<p>Od sanitarij je trenutno na volje le strani\u0161\u010de na \u0161trbunk, zunanji tu\u0161 na mrzlo vodo in narava (po dogovoru je tudi mo\u017ena uporaba tu\u0161a s toplo vodo).<\/p>\n\n\n\n<p>Poleg najema prostorov nudimo na mestu najema po \u017eelji tudi pripravo hrane in pija\u010de. <\/p>\n\n\n\n<p>Na posestvu je veliko \u017eivali. Da ne bi pri\u0161lo do konfliktov, prosimo \u010de ljubljen\u010dki ostanejo doma.<\/p>\n\n\n\n<figure class=\"wp-block-table\"><table class=\"has-secondary-background-color has-background\"><tbody><tr><td><strong>Storitev<\/strong><\/td><td><strong>Cena (eur)<\/strong><\/td><\/tr><tr><td>Najem prostorov &#8211; 1 ura<\/td><td>10<\/td><\/tr><tr><td>Najem prostorov &#8211; 12 ur<\/td><td>100<\/td><\/tr><tr><td>Najem prostorov  &#8211; 24 ur<\/td><td>150<\/td><\/tr><tr><td>Priprava hrane &#8211; glavni obrok<\/td><td>15 (10)*<\/td><\/tr><tr><td>Priprava hrane &#8211; zajtrk <\/td><td>10 (7)*<\/td><\/tr><tr><td>Priprava hrane &#8211; prigrzek<\/td><td>5 (3)*<\/td><\/tr><tr><td>Priprava hrane &#8211; dnevna (1x zajtrk, 2x obrok, 2x prigrizek)<\/td><td>30 (25)*<\/td><\/tr><tr><td>Alkoholna pija\u010da (pivo, vino ali \u017eganje)<\/td><td>3<\/td><\/tr><tr><td>Izposoja posteljnine<\/td><td>10<\/td><\/tr><\/tbody><\/table><figcaption class=\"wp-element-caption\">* za ve\u010d kot 5 ljudi<\/figcaption><\/figure>\n\n\n\n<p>Cene najema prostorov je neodvisna od \u0161tevila oseb, cena hrane je pa na osebo.<\/p>\n\n\n\n<p>Pri vseh obrokih je na voljo brezalkoholna pija\u010da, alkoholna pa z dopla\u010dilom po ceniku.<\/p>\n\n\n\n<p>Za najem in ve\u010d informacij se obrnite na <a href=\"mailto:skupnostzora@gmail.com\">skupnostzora@gmail.com<\/a> ali Ognjana (040132727).<\/p>\n\n\n\n<p><strong>Dodatne informacije in napotki:<\/strong><\/p>\n\n\n\n<ul class=\"wp-block-list\">\n<li>Kajenje v zaprtih prostorih ni dovoljeno.<\/li>\n\n\n\n<li>Najemnik poskrbi, da bodo prostori po oddaji v stanju, v kakr\u0161nem so jih dobili.<\/li>\n\n\n\n<li>Za zbiranje in odvoz neorganskih smeti poskrbi najemnik.<\/li>\n\n\n\n<li>Na ognji\u0161\u010du se ne sme kuriti plastike in negorljivih predmetov.<\/li>\n\n\n\n<li>Ne hranite na\u0161ega psa (Lusi).<\/li>\n\n\n\n<li>Gostje najemnika naj se zadr\u017eujejo na vnaprej domenjenih povr\u0161inah.<\/li>\n\n\n\n<li>Za morebitno \u0161kodo najemnih prostorov v \u010dasu najema odgovarja najemnik.<\/li>\n<\/ul>\n\n\n\n<div style=\"height:45px\" aria-hidden=\"true\" class=\"wp-block-spacer\"><\/div>\n\n\n\n<figure class=\"wp-block-gallery has-nested-images columns-1 is-cropped wp-block-gallery-1 is-layout-flex wp-block-gallery-is-layout-flex\">\n<figure class=\"wp-block-image size-large\"><img loading=\"lazy\" decoding=\"async\" width=\"1024\" height=\"365\" data-id=\"591\" src=\"https:\/\/zora-aurora.com\/wp-content\/uploads\/2023\/06\/IMG_20230530_204612-1024x365.jpg\" alt=\"Predavalnica\" class=\"wp-image-591\" srcset=\"https:\/\/zora-aurora.com\/wp-content\/uploads\/2023\/06\/IMG_20230530_204612-1024x365.jpg 1024w, https:\/\/zora-aurora.com\/wp-content\/uploads\/2023\/06\/IMG_20230530_204612-300x107.jpg 300w, https:\/\/zora-aurora.com\/wp-content\/uploads\/2023\/06\/IMG_20230530_204612-768x274.jpg 768w, https:\/\/zora-aurora.com\/wp-content\/uploads\/2023\/06\/IMG_20230530_204612-1536x547.jpg 1536w, https:\/\/zora-aurora.com\/wp-content\/uploads\/2023\/06\/IMG_20230530_204612-2048x730.jpg 2048w\" sizes=\"auto, (max-width: 1024px) 100vw, 1024px\" \/><figcaption class=\"wp-element-caption\">Predavalnica<\/figcaption><\/figure>\n\n\n\n<figure class=\"wp-block-image size-large\"><img loading=\"lazy\" decoding=\"async\" width=\"1024\" height=\"576\" data-id=\"593\" src=\"https:\/\/zora-aurora.com\/wp-content\/uploads\/2023\/06\/IMG_20230530_215014-1024x576.jpg\" alt=\"\" class=\"wp-image-593\" srcset=\"https:\/\/zora-aurora.com\/wp-content\/uploads\/2023\/06\/IMG_20230530_215014-1024x576.jpg 1024w, https:\/\/zora-aurora.com\/wp-content\/uploads\/2023\/06\/IMG_20230530_215014-300x169.jpg 300w, https:\/\/zora-aurora.com\/wp-content\/uploads\/2023\/06\/IMG_20230530_215014-768x432.jpg 768w, https:\/\/zora-aurora.com\/wp-content\/uploads\/2023\/06\/IMG_20230530_215014-1536x864.jpg 1536w, https:\/\/zora-aurora.com\/wp-content\/uploads\/2023\/06\/IMG_20230530_215014-2048x1152.jpg 2048w\" sizes=\"auto, (max-width: 1024px) 100vw, 1024px\" \/><figcaption class=\"wp-element-caption\">Spalnica<\/figcaption><\/figure>\n\n\n\n<figure class=\"wp-block-image size-large\"><img loading=\"lazy\" decoding=\"async\" width=\"1024\" height=\"768\" data-id=\"592\" src=\"https:\/\/zora-aurora.com\/wp-content\/uploads\/2023\/06\/IMG_20230530_204708-1024x768.jpg\" alt=\"\" class=\"wp-image-592\" srcset=\"https:\/\/zora-aurora.com\/wp-content\/uploads\/2023\/06\/IMG_20230530_204708-1024x768.jpg 1024w, https:\/\/zora-aurora.com\/wp-content\/uploads\/2023\/06\/IMG_20230530_204708-300x225.jpg 300w, https:\/\/zora-aurora.com\/wp-content\/uploads\/2023\/06\/IMG_20230530_204708-768x576.jpg 768w, https:\/\/zora-aurora.com\/wp-content\/uploads\/2023\/06\/IMG_20230530_204708-1536x1152.jpg 1536w, https:\/\/zora-aurora.com\/wp-content\/uploads\/2023\/06\/IMG_20230530_204708-2048x1536.jpg 2048w\" sizes=\"auto, (max-width: 1024px) 100vw, 1024px\" \/><figcaption class=\"wp-element-caption\">Predavalnica<\/figcaption><\/figure>\n\n\n\n<figure class=\"wp-block-image size-large\"><img loading=\"lazy\" decoding=\"async\" width=\"1024\" height=\"577\" data-id=\"46\" src=\"https:\/\/zora-aurora.com\/wp-content\/uploads\/2022\/08\/2021-06-24-22.51.35-1024x577.jpg\" alt=\"\" class=\"wp-image-46\" srcset=\"https:\/\/zora-aurora.com\/wp-content\/uploads\/2022\/08\/2021-06-24-22.51.35-1024x577.jpg 1024w, https:\/\/zora-aurora.com\/wp-content\/uploads\/2022\/08\/2021-06-24-22.51.35-300x169.jpg 300w, https:\/\/zora-aurora.com\/wp-content\/uploads\/2022\/08\/2021-06-24-22.51.35-768x432.jpg 768w, https:\/\/zora-aurora.com\/wp-content\/uploads\/2022\/08\/2021-06-24-22.51.35-1536x865.jpg 1536w, https:\/\/zora-aurora.com\/wp-content\/uploads\/2022\/08\/2021-06-24-22.51.35-2048x1153.jpg 2048w\" sizes=\"auto, (max-width: 1024px) 100vw, 1024px\" \/><figcaption class=\"wp-element-caption\">Zunanja kuhinja z jedilnico<\/figcaption><\/figure>\n\n\n\n<figure class=\"wp-block-image size-large\"><img loading=\"lazy\" decoding=\"async\" width=\"765\" height=\"1024\" data-id=\"32\" src=\"https:\/\/zora-aurora.com\/wp-content\/uploads\/2022\/08\/288712782_349759190603622_2265186803972857109_n-765x1024.jpg\" alt=\"\" class=\"wp-image-32\" srcset=\"https:\/\/zora-aurora.com\/wp-content\/uploads\/2022\/08\/288712782_349759190603622_2265186803972857109_n-765x1024.jpg 765w, https:\/\/zora-aurora.com\/wp-content\/uploads\/2022\/08\/288712782_349759190603622_2265186803972857109_n-224x300.jpg 224w, https:\/\/zora-aurora.com\/wp-content\/uploads\/2022\/08\/288712782_349759190603622_2265186803972857109_n-768x1028.jpg 768w, https:\/\/zora-aurora.com\/wp-content\/uploads\/2022\/08\/288712782_349759190603622_2265186803972857109_n-1148x1536.jpg 1148w, https:\/\/zora-aurora.com\/wp-content\/uploads\/2022\/08\/288712782_349759190603622_2265186803972857109_n.jpg 1296w\" sizes=\"auto, (max-width: 765px) 100vw, 765px\" \/><figcaption class=\"wp-element-caption\">Ognji\u0161\u010de<\/figcaption><\/figure>\n<\/figure>\n","protected":false},"excerpt":{"rendered":"<p>Nudimo mo\u017enost najema marofa z gozdno okolico, kar zajema skupinsko spalnico, predavalnico, zunanjo kuhinjo z jedilnico, kuri\u0161\u010de, parkiri\u0161\u010de ter gozdi\u010dek, kjer je mo\u017eno tudi \u0161otoriti. Skupinska spalnica ima le\u017ei\u0161\u010de na senu za 4 do 5 ljudi ter jogije za do 10 ljudi. Mo\u017enost je tudi spanja v predavalnici na lastnih podlogah ali napihljivih posteljah. Priporo\u010dena [&hellip;]<\/p>\n","protected":false},"author":1,"featured_media":0,"parent":0,"menu_order":0,"comment_status":"closed","ping_status":"closed","template":"","meta":{"om_disable_all_campaigns":false,"wprm-recipe-roundup-name":"","wprm-recipe-roundup-description":"","_monsterinsights_skip_tracking":false,"_monsterinsights_sitenote_active":false,"_monsterinsights_sitenote_note":"","_monsterinsights_sitenote_category":0,"footnotes":""},"class_list":["post-62","page","type-page","status-publish","hentry"],"_links":{"self":[{"href":"https:\/\/zora-aurora.com\/index.php?rest_route=\/wp\/v2\/pages\/62","targetHints":{"allow":["GET"]}}],"collection":[{"href":"https:\/\/zora-aurora.com\/index.php?rest_route=\/wp\/v2\/pages"}],"about":[{"href":"https:\/\/zora-aurora.com\/index.php?rest_route=\/wp\/v2\/types\/page"}],"author":[{"embeddable":true,"href":"https:\/\/zora-aurora.com\/index.php?rest_route=\/wp\/v2\/users\/1"}],"replies":[{"embeddable":true,"href":"https:\/\/zora-aurora.com\/index.php?rest_route=%2Fwp%2Fv2%2Fcomments&post=62"}],"version-history":[{"count":5,"href":"https:\/\/zora-aurora.com\/index.php?rest_route=\/wp\/v2\/pages\/62\/revisions"}],"predecessor-version":[{"id":600,"href":"https:\/\/zora-aurora.com\/index.php?rest_route=\/wp\/v2\/pages\/62\/revisions\/600"}],"wp:attachment":[{"href":"https:\/\/zora-aurora.com\/index.php?rest_route=%2Fwp%2Fv2%2Fmedia&parent=62"}],"curies":[{"name":"wp","href":"https:\/\/api.w.org\/{rel}","templated":true}]}}