{"id":1899,"date":"2026-07-21T14:56:21","date_gmt":"2026-07-21T14:56:21","guid":{"rendered":"https:\/\/zora-aurora.com\/?page_id=1899"},"modified":"2026-07-21T17:03:22","modified_gmt":"2026-07-21T17:03:22","slug":"obredno-praznovanje-jesenskega-enakonocja","status":"publish","type":"page","link":"https:\/\/zora-aurora.com\/?page_id=1899","title":{"rendered":"Obredno praznovanje jesenskega enakono\u010dja"},"content":{"rendered":"\n<p>Ob jesenskem enakono\u010dju se narava umiri in nas povabi v \u010das ravnovesja, zorenja in hvale\u017enosti. To je trenutek, ko se dan in no\u010d ponovno sre\u010data v enaki meri \u2014 in ko se lahko tudi sami ozremo na to, kar je v nas dozorelo.<\/p>\n\n\n\n<p>Ob ognju bomo po\u010dastili letino ter se zahvalili naravi za vse, kar nam je bilo dano. Skozi obred in obredno petje bomo zaprli krog rasti, spustili, kar je zaklju\u010deno, in naredili prostor za ti\u0161ino, ki prihaja z jesenjo.<\/p>\n\n\n\n<p>Kdor za\u010duti klic,  vablje \u017ee dopoldne, da se nam lahko pridru\u017ei na delavnici obrednih pesmi: <em><a href=\"https:\/\/zora-aurora.com\/?p=1855\" data-type=\"post\" data-id=\"1855\">Pojo\u010da pripro\u0161nja \u017dalik \u017eenam<\/a><\/em>, ki jo vodi Tja\u0161a Kosar, in tako \u0161e globlje vstopi v obred.<\/p>\n\n\n\n<p>Na koncu bomo v duhu hvale\u017enosti podelili tudi skromno pogostitev \u2014 vabljeni, da po svojih zmo\u017enostih prinesete kaj za skupno mizo.<\/p>\n\n\n\n<p>Naj bo to sre\u010danje, kjer se pove\u017eemo z naravo, skupnostjo in sabo.<\/p>\n\n\n\n<p>Sr\u010dno vabljeni! <\/p>\n\n\n\n<p><strong>Kraj:<\/strong> kmetija Dobrovc, Dobrovlje pri Mozirju<\/p>\n\n\n\n<p><strong>Kdaj:<\/strong> 20.9.2026 ob 17h<\/p>\n\n\n\n<p><strong>Prijave:<\/strong> <a href=\"mailto:info@zora-aurora.com\" target=\"_blank\" rel=\"noreferrer noopener\">info@zora-aurora.com<\/a><\/p>\n\n\n\n<figure class=\"wp-block-image size-large\"><img loading=\"lazy\" decoding=\"async\" width=\"1024\" height=\"768\" src=\"https:\/\/zora-aurora.com\/wp-content\/uploads\/2026\/07\/IMG_20251031_181442-Vanda-1024x768.jpg\" alt=\"\" class=\"wp-image-1898\" srcset=\"https:\/\/zora-aurora.com\/wp-content\/uploads\/2026\/07\/IMG_20251031_181442-Vanda-1024x768.jpg 1024w, https:\/\/zora-aurora.com\/wp-content\/uploads\/2026\/07\/IMG_20251031_181442-Vanda-300x225.jpg 300w, https:\/\/zora-aurora.com\/wp-content\/uploads\/2026\/07\/IMG_20251031_181442-Vanda-768x576.jpg 768w, https:\/\/zora-aurora.com\/wp-content\/uploads\/2026\/07\/IMG_20251031_181442-Vanda-1536x1152.jpg 1536w, https:\/\/zora-aurora.com\/wp-content\/uploads\/2026\/07\/IMG_20251031_181442-Vanda-2048x1536.jpg 2048w, https:\/\/zora-aurora.com\/wp-content\/uploads\/2026\/07\/IMG_20251031_181442-Vanda-500x375.jpg 500w\" sizes=\"auto, (max-width: 1024px) 100vw, 1024px\" \/><\/figure>\n","protected":false},"excerpt":{"rendered":"<p>Ob jesenskem enakono\u010dju se narava umiri in nas povabi v \u010das ravnovesja, zorenja in hvale\u017enosti. To je trenutek, ko se dan in no\u010d ponovno sre\u010data v enaki meri \u2014 in ko se lahko tudi sami ozremo na to, kar je v nas dozorelo. Ob ognju bomo po\u010dastili letino ter se zahvalili naravi za vse, kar [&hellip;]<\/p>\n","protected":false},"author":1,"featured_media":1898,"parent":0,"menu_order":0,"comment_status":"closed","ping_status":"closed","template":"","meta":{"om_disable_all_campaigns":false,"wprm-recipe-roundup-name":"","wprm-recipe-roundup-description":"","_monsterinsights_skip_tracking":false,"_monsterinsights_sitenote_active":false,"_monsterinsights_sitenote_note":"","_monsterinsights_sitenote_category":0,"footnotes":""},"class_list":["post-1899","page","type-page","status-publish","has-post-thumbnail","hentry"],"_links":{"self":[{"href":"https:\/\/zora-aurora.com\/index.php?rest_route=\/wp\/v2\/pages\/1899","targetHints":{"allow":["GET"]}}],"collection":[{"href":"https:\/\/zora-aurora.com\/index.php?rest_route=\/wp\/v2\/pages"}],"about":[{"href":"https:\/\/zora-aurora.com\/index.php?rest_route=\/wp\/v2\/types\/page"}],"author":[{"embeddable":true,"href":"https:\/\/zora-aurora.com\/index.php?rest_route=\/wp\/v2\/users\/1"}],"replies":[{"embeddable":true,"href":"https:\/\/zora-aurora.com\/index.php?rest_route=%2Fwp%2Fv2%2Fcomments&post=1899"}],"version-history":[{"count":2,"href":"https:\/\/zora-aurora.com\/index.php?rest_route=\/wp\/v2\/pages\/1899\/revisions"}],"predecessor-version":[{"id":1904,"href":"https:\/\/zora-aurora.com\/index.php?rest_route=\/wp\/v2\/pages\/1899\/revisions\/1904"}],"wp:featuredmedia":[{"embeddable":true,"href":"https:\/\/zora-aurora.com\/index.php?rest_route=\/wp\/v2\/media\/1898"}],"wp:attachment":[{"href":"https:\/\/zora-aurora.com\/index.php?rest_route=%2Fwp%2Fv2%2Fmedia&parent=1899"}],"curies":[{"name":"wp","href":"https:\/\/api.w.org\/{rel}","templated":true}]}}

Obredno praznovanje jesenskega enakonočja

<p>Ob jesenskem enakonočju se narava umiri in nas povabi v čas ravnovesja, zorenja in hvaležnosti. To je trenutek, ko se dan in noč ponovno srečata v enaki meri — in ko se lahko tudi sami ozremo na to, kar je v nas dozorelo.</p>



<p>Ob ognju bomo počastili letino ter se zahvalili naravi za vse, kar nam je bilo dano. Skozi obred in obredno petje bomo zaprli krog rasti, spustili, kar je zaključeno, in naredili prostor za tišino, ki prihaja z jesenjo.</p>



<p>Kdor začuti klic,  vablje že dopoldne, da se nam lahko pridruži na delavnici obrednih pesmi: <em><a href="https://zora-aurora.com/?p=1855" data-type="post" data-id="1855">Pojoča priprošnja Žalik ženam</a></em>, ki jo vodi Tjaša Kosar, in tako še globlje vstopi v obred.</p>



<p>Na koncu bomo v duhu hvaležnosti podelili tudi skromno pogostitev — vabljeni, da po svojih zmožnostih prinesete kaj za skupno mizo.</p>



<p>Naj bo to srečanje, kjer se povežemo z naravo, skupnostjo in sabo.</p>



<p>Srčno vabljeni! </p>



<p><strong>Kraj:</strong> kmetija Dobrovc, Dobrovlje pri Mozirju</p>



<p><strong>Kdaj:</strong> 20.9.2026 ob 17h</p>



<p><strong>Prijave:</strong> <a href="mailto:info@zora-aurora.com" target="_blank" rel="noreferrer noopener">info@zora-aurora.com</a></p>



<figure class="wp-block-image size-large"><img loading="lazy" decoding="async" width="1024" height="768" src="https://zora-aurora.com/wp-content/uploads/2026/07/IMG_20251031_181442-Vanda-1024x768.jpg" alt="" class="wp-image-1898" srcset="https://zora-aurora.com/wp-content/uploads/2026/07/IMG_20251031_181442-Vanda-1024x768.jpg 1024w, https://zora-aurora.com/wp-content/uploads/2026/07/IMG_20251031_181442-Vanda-300x225.jpg 300w, https://zora-aurora.com/wp-content/uploads/2026/07/IMG_20251031_181442-Vanda-768x576.jpg 768w, https://zora-aurora.com/wp-content/uploads/2026/07/IMG_20251031_181442-Vanda-1536x1152.jpg 1536w, https://zora-aurora.com/wp-content/uploads/2026/07/IMG_20251031_181442-Vanda-2048x1536.jpg 2048w, https://zora-aurora.com/wp-content/uploads/2026/07/IMG_20251031_181442-Vanda-500x375.jpg 500w" sizes="auto, (max-width: 1024px) 100vw, 1024px" /></figure>

<p>Ob jesenskem enakonočju se narava umiri in nas povabi v čas ravnovesja, zorenja in hvaležnosti. To je trenutek, ko se dan in noč ponovno srečata v enaki meri — in ko se lahko tudi sami ozremo na to, kar je v nas dozorelo. Ob ognju bomo počastili letino ter se zahvalili naravi za vse, kar [&hellip;]</p>
